
What are the prime factors of 155?
5, 31
What are the prime factors of 988?
2, 13, 19
List the prime factors of 22458.
2, 3, 19, 197
What are the prime factors of 859?
859
What are the prime factors of 144373?
59, 2447
What are the prime factors of 6050?
2, 5, 11
List the prime factors of 3873.
3, 1291
List the prime factors of 47289.
3, 11, 1433
What are the prime factors of 897?
3, 13, 23
List the prime factors of 7641.
3, 283
List the prime factors of 2643.
3, 881
What are the prime factors of 8197?
7, 1171
List the prime factors of 67176.
2, 3, 311
What are the prime factors of 35971?
13, 2767
List the prime factors of 7523.
7523
What are the prime factors of 1728?
2, 3
List the prime factors of 2336.
2, 73
List the prime factors of 19342.
2, 19, 509
What are the prime factors of 10082?
2, 71
List the prime factors of 1576.
2, 197
What are the prime factors of 3973?
29, 137
List the prime factors of 1918.
2, 7, 137
What are the prime factors of 9522?
2, 3, 23
What are the prime factors of 2186?
2, 1093
What are the prime factors of 167564?
2, 163, 257
What are the prime factors of 2185?
5, 19, 23
What are the prime factors of 12118?
2, 73, 83
What are the prime factors of 13881?
3, 7, 661
What are the prime factors of 125798?
2, 31, 2029
List the prime factors of 3251.
3251
List the prime factors of 10413.
3, 13, 89
What are the prime factors of 2400?
2, 3, 5
List the prime factors of 7583.
7583
What are the prime factors of 48581?
13, 37, 101
List the prime factors of 40534.
2, 13, 1559
What are the prime factors of 37126?
2, 19, 977
What are the prime factors of 4419?
3, 491
What are the prime factors of 46?
2, 23
List the prime factors of 4429.
43, 103
What are the prime factors of 23385?
3, 5, 1559
List the prime factors of 1841.
7, 263
What are the prime factors of 3392?
2, 53
List the prime factors of 1564.
2, 17, 23
What are the prime factors of 70367?
11, 6397
List the prime factors of 56631.
3, 43, 439
What are the prime factors of 93?
3, 31
What are the prime factors of 5185?
5, 17, 61
List the prime factors of 785.
5, 157
List the prime factors of 387.
3, 43
What are the prime factors of 157689?
3, 7, 2503
What are the prime factors of 362?
2, 181
List the prime factors of 899.
29, 31
List the prime factors of 30.
2, 3, 5
What are the prime factors of 207?
3, 23
What are the prime factors of 16111?
16111
What are the prime factors of 4688?
2, 293
What are the prime factors of 19370?
2, 5, 13, 149
What are the prime factors of 14069?
11, 1279
What are the prime factors of 2253?
3, 751
List the prime factors of 2403.
3, 89
What are the prime factors of 41184?
2, 3, 11, 13
List the prime factors of 362.
2, 181
What are the prime factors of 1487?
1487
What are the prime factors of 4278?
2, 3, 23, 31
List the prime factors of 457.
457
What are the prime factors of 18177?
3, 73, 83
List the prime factors of 2037.
3, 7, 97
List the prime factors of 4346.
2, 41, 53
List the prime factors of 2240.
2, 5, 7
List the prime factors of 6411.
3, 2137
List the prime factors of 3377.
11, 307
List the prime factors of 9866.
2, 4933
What are the prime factors of 52748?
2, 13187
List the prime factors of 46685.
5, 9337
List the prime factors of 3234.
2, 3, 7, 11
What are the prime factors of 19812?
2, 3, 13, 127
List the prime factors of 17656.
2, 2207
List the prime factors of 31364.
2, 7841
List the prime factors of 926.
2, 463
What are the prime factors of 2232?
2, 3, 31
List the prime factors of 168.
2, 3, 7
What are the prime factors of 7155?
3, 5, 53
List the prime factors of 23449.
131, 179
List the prime factors of 8397.
3, 311
List the prime factors of 2732.
2, 683
What are the prime factors of 4123?
7, 19, 31
List the prime factors of 5414.
2, 2707
List the prime factors of 104202.
2, 3, 7, 827
What are the prime factors of 64483?
64483
List the prime factors of 2802.
2, 3, 467
What are the prime factors of 1649?
17, 97
List the prime factors of 2134.
2, 11, 97
What are the prime factors of 1480?
2, 5, 37
What are the prime factors of 12127?
67, 181
What are the prime factors of 7234?
2, 3617
What are the prime factors of 7610?
2, 5, 761
List the prime factors of 2629.
11, 239
What are the prime factors of 34688?
2, 271
List the prime factors of 2465.
5, 17, 29
List the prime factors of 16854.
2, 3, 53
List the prime factors of 45636.
2, 3, 3803
List the prime factors of 314.
2, 157
List the prime factors of 1080.
2, 3, 5
List the prime factors of 49209.
3, 47, 349
What are the prime factors of 1518?
2, 3, 11, 23
What are the prime factors of 1851?
3, 617
List the prime factors of 1636.
2, 409
List the prime factors of 1428.
2, 3, 7, 17
List the prime factors of 1034.
2, 11, 47
What are the prime factors of 1894?
2, 947
List the prime factors of 555.
3, 5, 37
List the prime factors of 6866.
2, 3433
What are the prime factors of 39333?
3, 7, 1873
List the prime factors of 52916.
2, 13229
List the prime factors of 1120.
2, 5, 7
List the prime factors of 462.
2, 3, 7, 11
List the prime factors of 2801.
2801
What are the prime factors of 14571?
3, 1619
List the prime factors of 34500.
2, 3, 5, 23
List the prime factors of 3595.
5, 719
List the prime factors of 38830.
2, 5, 11, 353
List the prime factors of 122050.
2, 5, 2441
What are the prime factors of 56947?
11, 31, 167
List the prime factors of 766.
2, 383
What are the prime factors of 1107?
3, 41
List the prime factors of 2821.
7, 13, 31
What are the prime factors of 11100?
2, 3, 5, 37
What are the prime factors of 74537?
19, 3923
List the prime factors of 75714.
2, 3, 12619
List the prime factors of 19003.
31, 613
What are the prime factors of 94896?
2, 3, 659
List the prime factors of 1798.
2, 29, 31
What are the prime factors of 4870?
2, 5, 487
What are the prime factors of 6360?
2, 3, 5, 53
List the prime factors of 29361.
3, 9787
What are the prime factors of 1094?
2, 547
What are the prime factors of 36773?
11, 3343
List the prime factors of 2783.
11, 23
What are the prime factors of 3294?
2, 3, 61
List the prime factors of 403.
13, 31
What are the prime factors of 21947?
17, 1291
List the prime factors of 1511.
1511
What are the prime factors of 6835?
5, 1367
List the prime factors of 102599.
7, 14657
List the prime factors of 126.
2, 3, 7
What are the prime factors of 18521?
18521
What are the prime factors of 718?
2, 359
List the prime factors of 44119.
44119
List the prime factors of 1829.
31, 59
List the prime factors of 7736.
2, 967
List the prime factors of 81143.
53, 1531
What are the prime factors of 4857?
3, 1619
What are the prime factors of 95875?
5, 13, 59
List the prime factors of 9784.
2, 1223
List the prime factors of 38472.
2, 3, 7, 229
List the prime factors of 1030.
2, 5, 103
List the prime factors of 1874.
2, 937
List the prime factors of 217.
7, 31
List the prime factors of 2824.
2, 353
List the prime factors of 1751.
17, 103
What are the prime factors of 24577?
7, 3511
List the prime factors of 13592.
2, 1699
What are the prime factors of 164?
2, 41
List the prime factors of 935.
5, 11, 17
What are the prime factors of 4972?
2, 11, 113
List the prime factors of 10242.
2, 3, 569
List the prime factors of 394.
2, 197
What are the prime factors of 1020?
2, 3, 5, 17
List the prime factors of 297.
3, 11
What are the prime factors of 6293?
7, 29, 31
List the prime factors of 5217.
3, 37, 47
List the prime factors of 123824.
2, 71, 109
What are the prime factors of 3032?
2, 379
List the prime factors of 56047.
41, 1367
List the prime factors of 8122.
2, 31, 131
What are the prime factors of 1327?
1327
What are the prime factors of 918?
2, 3, 17
List the prime factors of 6873.
3, 29, 79
List the prime factors of 5769.
3, 641
What are the prime factors of 114?
2, 3, 19
What are the prime factors of 3413?
3413
What are the prime factors of 5230?
2, 5, 523
List the prime factors of 1172.
2, 293
List the prime factors of 11130.
2, 3, 5, 7, 53
What are the prime factors of 17980?
2, 5, 29, 31
What are the prime factors of 133?
7, 19
What are the prime factors of 46623?
3, 15541
List the prime factors of 434.
2, 7, 31
List the prime factors of 2733.
3, 911
What are the prime factors of 164278?
2, 82139
What are the prime factors of 109891?
109891
What are the prime fa